ainder when 694 is divided by 24.
22
What is the remainder when 1111 is divided by 66?
55
Calculate the remainder when 137 is divided by 137.
0
Calculate the remainder when 158 is divided by 18.
14
What is the remainder when 10342 is divided by 8?
6
What is the remainder when 604 is divided by 289?
26
Calculate the remainder when 174 is divided by 40.
14
Calculate the remainder when 108 is divided by 4.
0
Calculate the remainder when 165 is divided by 14.
11
What is the remainder when 394 is divided by 7?
2
What is the remainder when 258 is divided by 85?
3
What is the remainder when 1105 is divided by 21?
13
Calculate the remainder when 251 is divided by 28.
27
Calculate the remainder when 78 is divided by 11.
1
What is the remainder when 210 is divided by 66?
12
What is the remainder when 901 is divided by 70?
61
What is the remainder when 4225 is divided by 601?
18
What is the remainder when 1494 is divided by 745?
4
What is the remainder when 421 is divided by 39?
31
What is the remainder when 2240 is divided by 38?
36
Calculate the remainder when 201 is divided by 10.
1
What is the remainder when 18328 is divided by 235?
233
What is the remainder when 295 is divided by 92?
19
Calculate the remainder when 159 is divided by 15.
9
What is the remainder when 659 is divided by 159?
23
Calculate the remainder when 886 is divided by 7.
4
Calculate the remainder when 271 is divided by 209.
62
What is the remainder when 1358 is divided by 16?
14
Calculate the remainder when 101 is divided by 67.
34
What is the remainder when 51 is divided by 9?
6
What is the remainder when 387 is divided by 99?
90
What is the remainder when 268 is divided by 226?
42
Calculate the remainder when 3031 is divided by 22.
17
What is the remainder when 63 is divided by 11?
8
What is the remainder when 90 is divided by 39?
12
What is the remainder when 1214 is divided by 15?
14
What is the remainder when 102 is divided by 46?
10
What is the remainder when 1817 is divided by 150?
17
What is the remainder when 4581 is divided by 191?
188
Calculate the remainder when 3661 is divided by 141.
136
Calculate the remainder when 182 is divided by 45.
2
Calculate the remainder when 2329 is divided by 11.
8
What is the remainder when 868 is divided by 97?
92
Calculate the remainder when 197 is divided by 71.
55
Calculate the remainder when 215 is divided by 77.
61
Calculate the remainder when 2869 is divided by 11.
9
What is the remainder when 41 is divided by 19?
3
Calculate the remainder when 296 is divided by 100.
96
Calculate the remainder when 125 is divided by 51.
23
Calculate the remainder when 213 is divided by 50.
13
What is the remainder when 2561 is divided by 42?
41
What is the remainder when 5163 is divided by 369?
366
Calculate the remainder when 985 is divided by 24.
1
Calculate the remainder when 47 is divided by 1.
0
Calculate the remainder when 579 is divided by 58.
57
Calculate the remainder when 97 is divided by 20.
17
What is the remainder when 2437 is divided by 80?
37
What is the remainder when 356 is divided by 338?
18
What is the remainder when 161 is divided by 33?
29
What is the remainder when 365 is divided by 121?
2
What is the remainder when 239 is divided by 76?
11
Calculate the remainder when 155 is divided by 78.
77
Calculate the remainder when 3503 is divided by 167.
163
What is the remainder when 77 is divided by 23?
8
What is the remainder when 457 is divided by 5?
2
Calculate the remainder when 2789 is divided by 14.
3
Calculate the remainder when 1189 is divided by 589.
11
What is the remainder when 411 is divided by 4?
3
What is the remainder when 528 is divided by 64?
16
What is the remainder when 283 is divided by 36?
31
What is the remainder when 76 is divided by 6?
4
What is the remainder when 1697 is divided by 17?
14
Calculate the remainder when 1028 is divided by 21.
20
Calculate the remainder when 777 is divided by 56.
49
What is the remainder when 167 is divided by 30?
17
Calculate the remainder when 762 is divided by 114.
78
Calculate the remainder when 305 is divided by 4.
1
Calculate the remainder when 193 is divided by 25.
18
What is the remainder when 3883 is divided by 185?
183
Calculate the remainder when 169 is divided by 89.
80
What is the remainder when 717 is divided by 144?
141
Calculate the remainder when 48 is divided by 38.
10
Calculate the remainder when 263 is divided by 7.
4
Calculate the remainder when 19467 is divided by 314.
313
What is the remainder when 194 is divided by 20?
14
Calculate the remainder when 208 is divided by 19.
18
Calculate the remainder when 196 is divided by 29.
22
Calculate the remainder when 25415 is divided by 6.
5
Calculate the remainder when 154 is divided by 143.
11
Calculate the remainder when 4048 is divided by 90.
88
Calculate the remainder when 72 is divided by 8.
0
Calculate the remainder when 107 is divided by 28.
23
Calculate the remainder when 297 is divided by 50.
47
What is the remainder when 28 is divided by 1?
0
What is the remainder when 272 is divided by 7?
6
What is the remainder when 423 is divided by 407?
16
What is the remainder when 879 is divided by 26?
21
Calculate the remainder when 888 is divided by 290.
18
Calculate the remainder when 869 is divided by 23.
18
What is the remainder when 58 is divided by 24?
10
Calculate the remainder when 269 is divided by 13.
9
What is the remainder when 60 is divided by 24?
12
What is the remainder when 2870 is divided by 949?
23
Calculate the remainder when 2049 is divided by 26.
21
What is the remainder when 12210 is divided by 59?
56
What is the remainder when 134 is divided by 63?
8
Calculate the remainder when 228 is divided by 118.
110
What is the remainder when 254 is divided by 63?
2
What is the remainder when 325 is divided by 82?
79
What is the remainder when 849 is divided by 39?
30
Calculate the remainder when 56 is divided by 19.
18
Calculate the remainder when 6411 is divided by 121.
119
Calculate the remainder when 1258 is divided by 395.
73
Calculate the remainder when 76 is divided by 21.
13
Calculate the remainder when 1640 is divided by 1639.
1
Calculate the remainder when 7344 is divided by 25.
19
What is the remainder when 1954 is divided by 22?
18
Calculate the remainder when 18997 is divided by 100.
97
What is the remainder when 1231 is divided by 205?
1
Calculate the remainder when 386 is divided by 30.
26
Calculate the remainder when 31 is divided by 18.
13
What is the remainder when 58 is divided by 34?
24
Calculate the remainder when 110 is divided by 60.
50
Calculate the remainder when 126 is divided by 60.
6
Calculate the remainder when 178 is divided by 31.
23
Calculate the remainder when 6513 is divided by 181.
178
Calculate the remainder when 2137 is divided by 236.
13
Calculate the remainder when 4301 is divided by 239.
238
Calculate the remainder when 626 is divided by 128.
114
What is the remainder when 954 is divided by 51?
36
What is the remainder when 256 is divided by 68?
52
What is the remainder when 141 is divided by 62?
17
Calculate the remainder when 21 is divided by 5.
1
What is the remainder when 654 is divided by 41?
39
Calculate the remainder when 108 is divided by 48.
12
What is the remainder when 170 is divided by 11?
5
Calculate the remainder when 238 is divided by 19.
10
What is the remainder when 240 is divided by 71?
27
Calculate the remainder when 503 is divided by 157.
32
Calculate the remainder when 161 is divided by 74.
13
Calculate the remainder when 736 is divided by 6.
4
Calculate the remainder when 58 is divided by 10.
8
Calculate the remainder when 1177 is divided by 96.
25
What is the remainder when 171 is divided by 30?
21
What is the remainder when 976 is divided by 11?
8
What is the remainder when 415 is divided by 22?
19
What is the remainder when 104 is divided by 59?
45
What is the remainder when 490 is divided by 132?
94
Calculate the remainder when 181 is divided by 26.
25
Calculate the remainder when 318 is divided by 54.
48
Calculate the remainder when 97 is divided by 51.
46
Calculate the remainder when 207 is divided by 15.
12
What is the remainder when 292 is divided by 238?
54
Calculate the remainder when 309 is divided by 100.
9
What is the remaind